{"id":144,"date":"2024-04-24T02:20:37","date_gmt":"2024-04-24T02:20:37","guid":{"rendered":"https:\/\/invesmer.com\/?page_id=144"},"modified":"2025-07-15T16:03:09","modified_gmt":"2025-07-15T16:03:09","slug":"servicios","status":"publish","type":"page","link":"https:\/\/invesmer.com\/index.php\/servicios\/","title":{"rendered":"Servicios"},"content":{"rendered":"\t\t<div data-elementor-type=\"wp-page\" data-elementor-id=\"144\" class=\"elementor elementor-144\" data-elementor-post-type=\"page\">\n\t\t\t\t<div class=\"elementor-element elementor-element-08ea81c e-flex e-con-boxed e-con e-parent\" data-id=\"08ea81c\" data-element_type=\"container\" data-settings=\"{&quot;background_background&quot;:&quot;classic&quot;}\">\n\t\t\t\t\t<div class=\"e-con-inner\">\n\t\t\t\t\t<\/div>\n\t\t\t\t<\/div>\n\t\t<div class=\"elementor-element elementor-element-2e508ad e-flex e-con-boxed e-con e-parent\" data-id=\"2e508ad\" data-element_type=\"container\">\n\t\t\t\t\t<div class=\"e-con-inner\">\n\t\t<div class=\"elementor-element elementor-element-2d0705d e-con-full e-flex e-con e-child\" data-id=\"2d0705d\" data-element_type=\"container\">\n\t\t\t\t<div class=\"elementor-element elementor-element-599faab elementor-vertical-align-top elementor-widget elementor-widget-icon-box\" data-id=\"599faab\" data-element_type=\"widget\" data-widget_type=\"icon-box.default\">\n\t\t\t\t<div class=\"elementor-widget-container\">\n\t\t\t\t\t\t\t<div class=\"elementor-icon-box-wrapper\">\n\n\t\t\t\n\t\t\t\t\t\t<div class=\"elementor-icon-box-content\">\n\n\t\t\t\t\t\t\t\t\t<h3 class=\"elementor-icon-box-title\">\n\t\t\t\t\t\t<span  >\n\t\t\t\t\t\t\tMystery Shopper\t\t\t\t\t\t<\/span>\n\t\t\t\t\t<\/h3>\n\t\t\t\t\n\t\t\t\t\t\t\t\t\t<p class=\"elementor-icon-box-description\">\n\t\t\t\t\t\tEvaluamos la experiencia del cliente desde dentro. Simulamos compras reales para medir la atenci\u00f3n, cumplimiento de protocolos y calidad del servicio en puntos de venta f\u00edsicos o virtuales, as\u00ed como tambi\u00e9n validaci\u00f3n de conceptos o campa\u00f1as. (Previo consenso con el cliente)\t\t\t\t\t<\/p>\n\t\t\t\t\n\t\t\t<\/div>\n\t\t\t\n\t\t<\/div>\n\t\t\t\t\t\t<\/div>\n\t\t\t\t<\/div>\n\t\t\t\t<\/div>\n\t\t<div class=\"elementor-element elementor-element-4d62d47 e-con-full e-flex e-con e-child\" data-id=\"4d62d47\" data-element_type=\"container\">\n\t\t\t\t<div class=\"elementor-element elementor-element-d977e19 elementor-vertical-align-top elementor-widget elementor-widget-icon-box\" data-id=\"d977e19\" data-element_type=\"widget\" data-widget_type=\"icon-box.default\">\n\t\t\t\t<div class=\"elementor-widget-container\">\n\t\t\t\t\t\t\t<div class=\"elementor-icon-box-wrapper\">\n\n\t\t\t\n\t\t\t\t\t\t<div class=\"elementor-icon-box-content\">\n\n\t\t\t\t\t\t\t\t\t<h3 class=\"elementor-icon-box-title\">\n\t\t\t\t\t\t<span  >\n\t\t\t\t\t\t\tEncuestas Online\t\t\t\t\t\t<\/span>\n\t\t\t\t\t<\/h3>\n\t\t\t\t\n\t\t\t\t\t\t\t\t\t<p class=\"elementor-icon-box-description\">\n\t\t\t\t\t\tDise\u00f1amos y aplicamos encuestas digitales para conocer opiniones, h\u00e1bitos, necesidades y percepciones de tus clientes o p\u00fablicos objetivos, de forma \u00e1gil y eficiente.\t\t\t\t\t<\/p>\n\t\t\t\t\n\t\t\t<\/div>\n\t\t\t\n\t\t<\/div>\n\t\t\t\t\t\t<\/div>\n\t\t\t\t<\/div>\n\t\t\t\t<\/div>\n\t\t\t\t\t<\/div>\n\t\t\t\t<\/div>\n\t\t<div class=\"elementor-element elementor-element-232b599 e-flex e-con-boxed e-con e-parent\" data-id=\"232b599\" data-element_type=\"container\">\n\t\t\t\t\t<div class=\"e-con-inner\">\n\t\t<div class=\"elementor-element elementor-element-d66a49a e-con-full e-flex e-con e-child\" data-id=\"d66a49a\" data-element_type=\"container\">\n\t\t\t\t<div class=\"elementor-element elementor-element-e5c55cd elementor-widget elementor-widget-icon-box\" data-id=\"e5c55cd\" data-element_type=\"widget\" data-widget_type=\"icon-box.default\">\n\t\t\t\t<div class=\"elementor-widget-container\">\n\t\t\t\t\t\t\t<div class=\"elementor-icon-box-wrapper\">\n\n\t\t\t\n\t\t\t\t\t\t<div class=\"elementor-icon-box-content\">\n\n\t\t\t\t\t\t\t\t\t<h3 class=\"elementor-icon-box-title\">\n\t\t\t\t\t\t<span  >\n\t\t\t\t\t\t\tInvestigaci\u00f3n de Campo\t\t\t\t\t\t<\/span>\n\t\t\t\t\t<\/h3>\n\t\t\t\t\n\t\t\t\t\t\t\t\t\t<p class=\"elementor-icon-box-description\">\n\t\t\t\t\t\tRecolectamos datos directamente en el entorno real del consumidor, mediante entrevistas presenciales, observaci\u00f3n y levantamiento de informaci\u00f3n en puntos estrat\u00e9gicos.\t\t\t\t\t<\/p>\n\t\t\t\t\n\t\t\t<\/div>\n\t\t\t\n\t\t<\/div>\n\t\t\t\t\t\t<\/div>\n\t\t\t\t<\/div>\n\t\t\t\t<\/div>\n\t\t<div class=\"elementor-element elementor-element-bfeeff5 e-con-full e-flex e-con e-child\" data-id=\"bfeeff5\" data-element_type=\"container\">\n\t\t\t\t<div class=\"elementor-element elementor-element-b34db7d elementor-widget elementor-widget-icon-box\" data-id=\"b34db7d\" data-element_type=\"widget\" data-widget_type=\"icon-box.default\">\n\t\t\t\t<div class=\"elementor-widget-container\">\n\t\t\t\t\t\t\t<div class=\"elementor-icon-box-wrapper\">\n\n\t\t\t\n\t\t\t\t\t\t<div class=\"elementor-icon-box-content\">\n\n\t\t\t\t\t\t\t\t\t<h3 class=\"elementor-icon-box-title\">\n\t\t\t\t\t\t<span  >\n\t\t\t\t\t\t\tDesk Research\t\t\t\t\t\t<\/span>\n\t\t\t\t\t<\/h3>\n\t\t\t\t\n\t\t\t\t\t\t\t\t\t<p class=\"elementor-icon-box-description\">\n\t\t\t\t\t\tAnalizamos fuentes secundarias (bases de datos, informes, estudios previos, publicaciones especializadas) para obtener insights relevantes sin necesidad de levantar nueva informaci\u00f3n primaria.\t\t\t\t\t<\/p>\n\t\t\t\t\n\t\t\t<\/div>\n\t\t\t\n\t\t<\/div>\n\t\t\t\t\t\t<\/div>\n\t\t\t\t<\/div>\n\t\t\t\t<\/div>\n\t\t\t\t\t<\/div>\n\t\t\t\t<\/div>\n\t\t<div class=\"elementor-element elementor-element-7ef4396 e-flex e-con-boxed e-con e-parent\" data-id=\"7ef4396\" data-element_type=\"container\">\n\t\t\t\t\t<div class=\"e-con-inner\">\n\t\t<div class=\"elementor-element elementor-element-25a4f6a e-con-full e-flex e-con e-child\" data-id=\"25a4f6a\" data-element_type=\"container\">\n\t\t\t\t<div class=\"elementor-element elementor-element-3fd1a0c elementor-widget elementor-widget-icon-box\" data-id=\"3fd1a0c\" data-element_type=\"widget\" data-widget_type=\"icon-box.default\">\n\t\t\t\t<div class=\"elementor-widget-container\">\n\t\t\t\t\t\t\t<div class=\"elementor-icon-box-wrapper\">\n\n\t\t\t\n\t\t\t\t\t\t<div class=\"elementor-icon-box-content\">\n\n\t\t\t\t\t\t\t\t\t<h3 class=\"elementor-icon-box-title\">\n\t\t\t\t\t\t<span  >\n\t\t\t\t\t\t\tConsultor\u00eda\t\t\t\t\t\t<\/span>\n\t\t\t\t\t<\/h3>\n\t\t\t\t\n\t\t\t\t\t\t\t\t\t<p class=\"elementor-icon-box-description\">\n\t\t\t\t\t\tBrindamos acompa\u00f1amiento estrat\u00e9gico personalizado. Te ayudamos a interpretar los datos, tomar decisiones informadas y dise\u00f1ar acciones efectivas que impulsen tus objetivos de negocio.\t\t\t\t\t<\/p>\n\t\t\t\t\n\t\t\t<\/div>\n\t\t\t\n\t\t<\/div>\n\t\t\t\t\t\t<\/div>\n\t\t\t\t<\/div>\n\t\t\t\t<\/div>\n\t\t<div class=\"elementor-element elementor-element-12b8bc1 e-con-full e-flex e-con e-child\" data-id=\"12b8bc1\" data-element_type=\"container\">\n\t\t\t\t<div class=\"elementor-element elementor-element-3c0ee22 elementor-widget elementor-widget-icon-box\" data-id=\"3c0ee22\" data-element_type=\"widget\" data-widget_type=\"icon-box.default\">\n\t\t\t\t<div class=\"elementor-widget-container\">\n\t\t\t\t\t\t\t<div class=\"elementor-icon-box-wrapper\">\n\n\t\t\t\n\t\t\t\t\t\t<div class=\"elementor-icon-box-content\">\n\n\t\t\t\t\t\t\t\t\t<h3 class=\"elementor-icon-box-title\">\n\t\t\t\t\t\t<span  >\n\t\t\t\t\t\t\tDise\u00f1o y Acompa\u00f1amiento de Campa\u00f1a Publicitaria\t\t\t\t\t\t<\/span>\n\t\t\t\t\t<\/h3>\n\t\t\t\t\n\t\t\t\t\t\t\t\t\t<p class=\"elementor-icon-box-description\">\n\t\t\t\t\t\tDise\u00f1amos y acompa\u00f1amos al cliente en la creaci\u00f3n de su campa\u00f1a publicitaria como un proceso creativo, utilizando nuestra metodolog\u00eda que responde a la problem\u00e1tica planteada enfocada en conectar con tu audiencia de forma efectiva.\t\t\t\t\t<\/p>\n\t\t\t\t\n\t\t\t<\/div>\n\t\t\t\n\t\t<\/div>\n\t\t\t\t\t\t<\/div>\n\t\t\t\t<\/div>\n\t\t\t\t<\/div>\n\t\t\t\t\t<\/div>\n\t\t\t\t<\/div>\n\t\t\t\t<\/div>\n\t\t","protected":false},"excerpt":{"rendered":"<p>Mystery Shopper Evaluamos la experiencia del cliente desde dentro. Simulamos compras reales para medir la atenci\u00f3n, cumplimiento de protocolos y calidad del servicio en puntos de venta f\u00edsicos o virtuales, as\u00ed como tambi\u00e9n validaci\u00f3n de conceptos o campa\u00f1as. (Previo consenso con el cliente) Encuestas Online Dise\u00f1amos y aplicamos encuestas digitales para conocer opiniones, h\u00e1bitos, necesidades [&hellip;]<\/p>\n","protected":false},"author":1,"featured_media":0,"parent":0,"menu_order":0,"comment_status":"closed","ping_status":"closed","template":"","meta":{"footnotes":""},"class_list":["post-144","page","type-page","status-publish","hentry"],"_links":{"self":[{"href":"https:\/\/invesmer.com\/index.php\/wp-json\/wp\/v2\/pages\/144","targetHints":{"allow":["GET"]}}],"collection":[{"href":"https:\/\/invesmer.com\/index.php\/wp-json\/wp\/v2\/pages"}],"about":[{"href":"https:\/\/invesmer.com\/index.php\/wp-json\/wp\/v2\/types\/page"}],"author":[{"embeddable":true,"href":"https:\/\/invesmer.com\/index.php\/wp-json\/wp\/v2\/users\/1"}],"replies":[{"embeddable":true,"href":"https:\/\/invesmer.com\/index.php\/wp-json\/wp\/v2\/comments?post=144"}],"version-history":[{"count":25,"href":"https:\/\/invesmer.com\/index.php\/wp-json\/wp\/v2\/pages\/144\/revisions"}],"predecessor-version":[{"id":231,"href":"https:\/\/invesmer.com\/index.php\/wp-json\/wp\/v2\/pages\/144\/revisions\/231"}],"wp:attachment":[{"href":"https:\/\/invesmer.com\/index.php\/wp-json\/wp\/v2\/media?parent=144"}],"curies":[{"name":"wp","href":"https:\/\/api.w.org\/{rel}","templated":true}]}}